94*d + 1579. Give c(72).
-5
Let g(b) = b**3 + 19*b**2 + 21*b + 24. Calculate g(-17).
245
Let j(v) = v**3 - 5*v**2 - 22*v - 18. Give j(-5).
-158
Let r(h) = 12*h + 1785. Give r(-148).
9
Let u(v) = 1344*v + 9407. Determine u(-7).
-1
Let b(f) = -8*f + 3. Calculate b(-2).
19
Let s(h) = 39*h - 828. Calculate s(19).
-87
Let y(x) = 15*x - 783. Give y(51).
-18
Let w(l) = l**2 - 23*l + 90. Determine w(26).
168
Let s(i) = 38*i + 309. Calculate s(5).
499
Let o(n) = n**3 - 18*n**2 - 271*n + 4791. Give o(19).
3
Let p(v) = v**3 + 5*v**2 - 2*v + 15. Give p(-7).
-69
Let i(w) = 2*w**2 - 24*w - 169. Give i(-4).
-41
Let n(k) = 76*k + 1416. Give n(-19).
-28
Let y(u) = 60*u + 200. What is y(-7)?
-220
Let v(u) = -171*u + 1794. Determine v(9).
255
Let n(r) = 15*r**2 - 116*r + 12. Calculate n(7).
-65
Let l(t) = -t**3 + 4*t**2 - 24*t + 51. Determine l(2).
11
Let d(m) = m**2 + 448*m + 2233. Give d(-5).
18
Let c(x) = 372*x**2 + 3346*x - 27. Calculate c(-9).
-9
Let a(v) = 4*v**3 - 20*v**2 - 17*v + 13. Calculate a(7).
286
Let y(t) = 2*t**2 + 35*t + 166. Determine y(-10).
16
Let a(p) = -46*p + 2955. What is a(64)?
11
Let y(a) = 41*a + 1519. Give y(-36).
43
Let o(u) = 42*u**2 + 293*u - 341. Give o(-8).
3
Let w(r) = 1241*r + 7420. What is w(-6)?
-26
Let k(h) = -17*h + 106. Determine k(11).
-81
Let r(s) = -s**3 + 2*s**2 + 46*s - 15. Determine r(7).
62
Let v(x) = -3*x**2 + 36*x + 13. Calculate v(14).
-71
Let m(q) = -q**3 + 14*q**2 + 26*q - 212. Determine m(15).
-47
Let h(a) = -1141*a - 11400. What is h(-10)?
10
Let w(b) = -b**3 + 14*b**2 - 10*b + 151. What is w(14)?
11
Let i(q) = 3*q**2 - 98*q - 123. Calculate i(34).
13
Let b(m) = -4*m**3 + 70*m**2 + 36*m + 3. Calculate b(18).
3
Let q(x) = -x**3 - 17*x**2 - 44*x - 37. Calculate q(-13).
-141
Let j(h) = -214*h + 2920. What is j(14)?
-76
Let r(m) = -2*m**2 + 112*m - 1463. Give r(35).
7
Let c(b) = b**3 - 2*b**2 - 6*b - 9. Determine c(0).
-9
Let n(z) = -2*z**2 - 127*z - 67. Determine n(-63).
-4
Let c(l) = -120*l - 15001. Determine c(-125).
-1
Let b(h) = -12*h**3 + 6*h + 6. Calculate b(-1).
12
Let y(p) = -p**2 + 26*p - 22. What is y(24)?
26
Let h(j) = -1152*j + 34477. Give h(30).
-83
Let c(i) = -i**3 - 45*i**2 - 32*i + 81. Calculate c(-44).
-447
Let m(q) = 3*q**2 - 229*q + 91. Determine m(76).
15
Let d(g) = 9*g**2 + 9*g + 25. Calculate d(-3).
79
Let s(m) = -10*m**2 - 642*m - 3. What is s(-64)?
125
Let p(c) = -c**3 - 11*c**2 + 11*c + 113. What is p(-11)?
-8
Let d(t) = t**2 + 7*t - 100. Calculate d(-14).
-2
Let i(s) = s**3 - 22*s**2 - 139*s - 48. What is i(27)?
-156
Let x(y) = -3*y**3 - 60*y**2 - 7*y - 92. Calculate x(-20).
48
Let s(k) = 8*k + 398. Give s(-41).
70
Let a(c) = -2*c**2 + 66*c + 103. Calculate a(9).
535
Let s(n) = -2*n**2 - 109*n - 999. What is s(-12)?
21
Let w(t) = 10*t**3 + 4*t**2 + 15*t - 97. Give w(3).
254
Let w(r) = 6258*r + 62616. Give w(-10).
36
Let q(z) = -15*z**2 - 55*z - 141. Determine q(-3).
-111
Let p(y) = 3164*y + 31644. Give p(-10).
4
Let w(k) = -k**3 + 30*k**2 + 42*k - 364. Determine w(31).
-23
Let t(r) = 3*r**3 - 62*r**2 - 21*r + 1. What is t(21)?
1
Let q(r) = -r**2 - 36*r + 144. Give q(-42).
-108
Let h(m) = m**3 - 6*m**2 - 185*m + 23. Calculate h(-11).
1
Let c(o) = o**2 + 79*o + 564. Give c(-71).
-4
Let f(l) = l**3 - 66*l**2 - 56*l - 734. Give f(67).
3
Let i(t) = 554*t + 2830. Give i(-5).
60
Let u(y) = -21*y**2 - 229*y - 177. Give u(-10).
13
Let z(q) = 888*q + 135881. What is z(-153)?
17
Let a(l) = l**3 + 13*l**2 + 11*l - 48. Give a(-6).
138
Let b(o) = -2*o**3 + 117*o**2 - 57*o - 66. Give b(58).
-8
Let r(t) = -t**3 - 19*t**2 - 95*t - 33. What is r(-12)?
99
Let x(t) = -19*t**3 + t**2. Determine x(1).
-18
Let d(n) = 24*n + 579. Calculate d(-24).
3
Let k(r) = r**3 + 31*r**2 - 12*r - 1259. Give k(-30).
1
Let z(p) = -2*p + 28. Determine z(12).
4
Let c(s) = -s**3 + 8*s**2 + 36*s - 306. Calculate c(7).
-5
Let a(i) = i**3 + 46*i**2 - 65*i - 869. Calculate a(-47).
-23
Let z(y) = -15*y**2 + 103*y + 104. Calculate z(-1).
-14
Let f(z) = z**3 - 4*z**2 - 11*z + 41. Calculate f(5).
11
Let n(i) = -600*i - 279. Give n(0).
-279
Let u(c) = 17*c + 246. Calculate u(-15).
-9
Let j(r) = -r**3 + 60*r**2 - 58*r + 27. Give j(59).
86
Let h(j) = 6*j**2 + 206*j + 29. What is h(-35)?
169
Let m(t) = -3*t**2 - 50*t + 17. Give m(-10).
217
Let w(p) = -13*p + 86. Determine w(7).
-5
Let i(n) = 4*n**2 - 20*n - 141. What is i(9)?
3
Let r(v) = -179*v - 6645. Determine r(-37).
-22
Let p(m) = 12*m + 54. Give p(-5).
-6
Let z(c) = -c**2 - c + 17. Give z(-11).
-93
Let a(g) = 142*g + 1839. What is a(-13)?
-7
Let f(r) = -r**3 - 21*r**2 - 150*r - 502. Give f(-12).
2
Let n(s) = 19*s**3 + 202*s - 12. Determine n(0).
-12
Let j(w) = -2*w**2 + 164*w - 3314. Determine j(46).
-2
Let q(x) = -x**2 - 17*x - 66. Determine q(-6).
0
Let h(r) = -12*r - 267. Determine h(-10).
-147
Let j(o) = -2*o**2 - 92*o - 74. Determine j(-45).
16
Let s(l) = -85*l - 1518. Determine s(-18).
12
Let b(p) = -p**3 + 2*p**2 + 1616*p - 4844. Determine b(3).
-5
Let o(b) = b**2 - 11*b - 48. Give o(13).
-22
Let j(m) = 34*m - 3790. Determine j(112).
18
Let k(w) = -889*w - 15115. Determine k(-17).
-2
Let p(d) = 20*d**3 - 6*d**2 - 12*d - 7. Calculate p(-3).
-565
Let p(j) = 5*j**2 - 414*j + 1665. What is p(4)?
89
Let r(v) = -v**2 - 10*v + 95. What is r(-12)?
71
Let u(h) = h**3 - 5*h**2 + 66*h - 444. What is u(6)?
-12
Let s(c) = -13*c - 44. Determine s(-31).
359
Let u(i) = -8*i**3 - 43*i**2 - 111*i - 5. What is u(-3)?
157
Let j(s) = -7261*s + 36319. What is j(5)?
14
Let r(h) = h**2 + 5*h - 167. Determine r(11).
9
Let q(z) = -5*z**2 - 622*z - 1451. Determine q(-122).
13
Let b(w) = 2*w - 31. Determine b(-16).
-63
Let x(a) = -41*a**2 + 4*a - 1. Calculate x(-1).
-46
Let n(r) = -26*r**2 + 26*r - 24. Give n(1).
-24
Let f(j) = -332*j**2 + 2991*j - 48. Determine f(9).
-21
Let j(t) = t**3 + 6*t**2 - 94*t - 255. What is j(-12)?
9
Let r(g) = 42*g + 782. Give r(-18).
26
Let o(l) = 5*l**3 - 3*l**2 + 59*l - 307. What is o(5)?
538
Let z(g) = 3*g**2 - 101*g + 859. Give z(18).
13
Let o(w) = w**3 + 8*w**2 - 28*w + 115. Give o(-12).
-125
Let v(t) = 2*t**3 + 80*t**2 + 2*t + 51. What is v(-40)?
-29
Let m(r) = r**3 + 3*r**2 - 35*r - 14. Determine m(-8).
-54
Let j(m) = m**3 - 19*m + 35. Calculate j(8).
395
Let l(v) = v**3 - 18*v**2 - 90*v + 543. Calculate l(21).
-24
Let b(c) = -2*c**3 + 512*c**2 + 4771*c - 262. Calculate b(265).
3
Let h(s) = -s**2 + 4*s + 508. Calculate h(-20).
28
Let x(v) = -2*v**2 - 16*v - 29. Calculate x(-2).
-5
Let k(q) = q**2 - 80*q + 1597. Determine k(38).
1
Let w(n) = -13*n - 791. Give w(-56).
-63
Let h(r) = 2*r**2 + 760*r + 21646. Determine h(-31).
8
Let t(q) = -q**3 - 70*q**2 + q - 227. Give t(-70).
-297
Let x(p) = 3*p**3 + 256*p**2 + 95*p + 854. Calculate x(-85).
4
Let j(d) = -d - 140. Determine j(-91).
-49
Let k(u) = -11*u + 160. Calculate k(6).
94
Let t(o) = 92*o - 2. Give t(-1).
-94
Let a(m) = 70*m - 131. Calculate a(-1).
-201
Let j(a) = 59*a + 29. Calculate j(3).
206
Let c(z) = 3*z**2 + 12*z - 61. Determine c(-7).
2
Let m(o) = -13*o**2 + 250*o - 1126. Determine m(7).
-13
Let s(r) = -r**2 - 47*r + 3785. Calculate s(42).
47
Let a(p) = p**2 + 101*p - 1740. Calculate a(-116).
0
Let k(w) = -5*w + 29. Determine k(-33).
194
Let a(h) = h**2 + 1452*h - 13155. Determine a(9).
-6
Let k(m) = -m**2 - 60*m + 104. Calculate k(2).
-20
Let b(q) = -q**3 - 5*q**2 + q + 143. Calculate b(0).
143
Let a(q) = 3*q**2 + 35*q - 275. Give a(7).
117
Let i(v) = -4896*v + 19589. Determine i(4).
5
Let j(t) = 2*t**2 - 36*t - 163. What is j(22)?
13
Let h(u) = 219*u + 2192. Calculate h(-10).
2
Let z(n) = -312*n + 621. Give z(3).
-315
Let t(m) = -m**3 + 5*m**2 - 89*m - 305. What is t(-3)?
34
Let k(v) = 321*v**2 - 4*v - 2. Determine k(1).
315
Let c(k) = -3*k**2 - 58*k + 21. Determine c(-20).
-19
Let r(d) = d**3 + 15*d**2 + d - 148. Give r(-14).
34
Let v(o) = -o**3 - 28*o**2 + 895*o - 36. Calculate v(19).
2
Let v(s) = s**2 - 10*s - 209. What is v(17)?
-90
Let i(a) = 9948*a - 49744. Give i(5).
-4
Let m(u) = -579*u - 1740. What is m(-3)?
-3
Let a(j) = 5*j**2 - 10*j - 30. What is a(3)?
-15
Let w(p) = 2*p**3 - 7*p**2 - 2*p + 16. Give w(4).
24
Let b(v) = 8*v - 32. Determine b(4).
0
Let r(t) = -t**3 + 7*t**2 + 17*t - 48. What is r(2)?
6
Let c(y) = 33*y**2 - 21*y - 33. Determine c(-2).
141
Let s(u) = -1155*u + 4607. Calculate s